)?
7
Let q = -54 + 82. Let t(r) = r**2 - 54*r + 450. Let j be t(11). Calculate the remainder when q is divided by ((-3)/(-12))/((46/(-40))/j).
3
Let i(c) = -c + 139. Let j be i(0). Suppose -2*y + 1 = -j. Suppose -3*h = -3*o + 39, -3*h + 33 = -10*o + 11*o. What is the remainder when y is divided by o?
16
Let t(n) = n**2 - 10*n - 21. Let r be t(11). What is the remainder when 234 is divided by ((-1)/(-3))/((r + 11)/51)?
13
Suppose -88 = -23*p + 12*p. Let q = p + -6. Calculate the remainder when (q/(-6))/(2/(-108)) is divided by 6.
0
What is the remainder when (-470204)/(-252) + (4 - 2)/18 is divided by 104?
98
Calculate the remainder when (-2)/((-17)/(-6392)*-8) is divided by 17.
9
Let i be (-3)/(-2)*590/177. Suppose -i*q + 780 + 245 = 0. What is the remainder when q is divided by 71?
63
What is the remainder when 56/(-4) + 2 + 26 is divided by 11?
3
Let n be (-4)/10*(-4 + 9). Let m be (-187)/(-33) - (n/3)/2. Suppose 3*x + m*g - 149 = g, 3*x + 4*g - 145 = 0. What is the remainder when x is divided by 22?
21
Let k = 133 - -36. Let m = k + -134. What is the remainder when 86 is divided by m?
16
Suppose -d + 4*y + 187 - 142 = 0, 3*d = 5*y + 121. Calculate the remainder when 83 is divided by d.
9
Suppose -2*j + 6 = -0*j. Let o = 1282 + -1278. Calculate the remainder when o is divided by j.
1
Let l = -36 - -39. Let j be 5 + 68 + l + 1. Let q = j - 57. What is the remainder when q is divided by 12?
8
Let g = 52 - -53. Suppose 2*n - 169 = -g. Calculate the remainder when 218 is divided by n.
26
Suppose -3608 = -4*z - 4*m, 9*m - 13*m - 2706 = -3*z. What is the remainder when z is divided by 151?
147
Suppose -69*h = -50*h - 361. What is the remainder when 129 is divided by h?
15
Let r(j) = 6*j - 152. Let a be r(26). Suppose 9*b - 4*u - 1643 = 4*b, -a*b + u = -1310. What is the remainder when b is divided by 47?
45
Let p(t) = 10*t**2 + 26*t - 1. Let x be p(-3). Suppose 10*j = x*j - 11. What is the remainder when 41 is divided by j?
8
Suppose -616 + 82 = -3*a. Suppose -3*k + 102 = -2*b, 2*b - a = -5*k - 8. Let h(u) = 4*u**2 + 65*u + 28. Calculate the remainder when k is divided by h(-16).
10
Let m = -1779 + 1789. What is the remainder when ((-357)/6)/((-3)/6) is divided by m?
9
Let l(v) = -11*v**3 + 9*v + 6. Let t(p) = 26*p - 629. Calculate the remainder when l(-2) is divided by t(25).
13
Suppose -33*b = -747 - 4236. Calculate the remainder when 1505 is divided by b.
146
What is the remainder when 220 is divided by (27/(-18))/((-9)/210)?
10
Let n(m) = 18*m**2 - 192*m - 1048. Calculate the remainder when n(-6) is divided by 373.
6
Suppose 3*a + 6 - 63 = 0. What is the remainder when 15/((-30)/22) + 162 is divided by a?
18
Suppose 542056 + 279551 = 40*b - 603433. Calculate the remainder when b is divided by 79.
76
Let u(v) = 632*v - 202. What is the remainder when u(1) is divided by 15?
10
Calculate the remainder when 2819 is divided by 640/105 - 6 - 3894/(-126).
29
Let j be (-10)/(-15) - (-16)/3. Let f(y) = 3 + 0 + 22*y - j. What is the remainder when f(4) is divided by 29?
27
Suppose 271 = -198*b + 203*b - 3*w, -183 = -3*b - 5*w. What is the remainder when 168 is divided by b?
0
Let u = 9 - -72. Let d = u + 25. Let x = d + -94. Calculate the remainder when 58 is divided by x.
10
What is the remainder when 89 is divided by (-1580)/(-36) + ((-187)/99)/(-17)?
1
Let p be 1109/1 + 0/(-13). Suppose -26*o + p = -659. Let z = -13 - -31. Calculate the remainder when o is divided by z.
14
Let l(x) = -58 + 36 + 3*x + 49. Let n be l(-9). What is the remainder when 73 is divided by (-4)/18 + n - (-519)/27?
16
Suppose -22*x = 18*x - 9*x - 8835. Calculate the remainder when x is divided by 96.
93
Suppose -2*c + 408 = 3*m, -68*c + m = -71*c + 598. What is the remainder when c is divided by 29?
24
Suppose -2*z + 86 = -2*o + 7*o, 4*z + o - 118 = 0. What is the remainder when 82 is divided by z?
26
Let w be (-3)/12 - -14*3/8. Suppose -q = -5*q, -w*q = -4*j + 580. Calculate the remainder when 59 is divided by 26/(-143) + j*1/11.
7
Suppose 8*u - 2*u = -9690. Let i be -2 - (-4 - u/(-5)). Suppose -x = 4*x - i. What is the remainder when x is divided by 17?
14
Suppose -3*a - 90 = -13*a. Let x = 24 - 12. What is the remainder when (a - 97/11) + (-1272)/(-22) is divided by x?
10
Let b be 6 - (12/15)/(4/10). Suppose -2*r + b*r = 8. Suppose -v + 3*v + r = -4*s, 2*v + 5*s + 9 = 0. What is the remainder when 35 is divided by v?
3
Let o be (39/(-26))/(9/264). What is the remainder when 123 is divided by -5*(6 - o/(-5))?
11
Let n = 370 - 364. What is the remainder when 8 is divided by n?
2
Let z = -50 + 75. Suppose -z*n + 20*n - 65 = 0. Let j = -4 - n. What is the remainder when 25 is divided by j?
7
Suppose 203 - 802 - 787 = -154*d. Suppose -7*h + 8 = -3*h. Calculate the remainder when 0 + h - -69 - 0 is divided by d.
8
Let j be (-464)/406 + (-9199)/(-7). Suppose j = 8*o + 5*o. What is the remainder when o is divided by 42?
17
Calculate the remainder when 1225/5 - (2*(0 + -1) + 5) is divided by 102.
38
Suppose 5*q = -4*n + 14 + 163, -90 = -2*n - 4*q. Suppose 3*u - 5*a - 3 = -n, 3*a = -12. Let h = u + 31. Calculate the remainder when 41 is divided by h.
8
Let j(x) = 133*x + 4232. What is the remainder when j(-26) is divided by 123?
36
Let p be 2/4 + 14/4. Suppose 5*q = -4*i + 131, -i - p*i = 2*q - 151. Calculate the remainder when 171 is divided by i.
26
Let w = 74 - 64. Let n be (w + -11)/((-1)/(-2)). What is the remainder when (-1 - (-4)/(-8))/(1/n) is divided by 3?
0
Suppose 52*w - 29*w - 6164 = 0. Suppose w = 28*m - 488. Calculate the remainder when m is divided by 8.
3
Calculate the remainder when ((-630)/1155)/((-2)/9812) is divided by 129.
96
Let q = -7771 + 11605. Calculate the remainder when q is divided by 15.
9
Let s = -25306 - -25364. Let t(u) = u**3 + 3*u**2 - 4*u - 3. Calculate the remainder when s is divided by t(-3).
4
Suppose 2*g - 448 = 4*r, -r - 433 = -2*g - 2*r. Suppose -16*t + 854 = -42. What is the remainder when g is divided by t?
50
Suppose -41*b + 4061 = -10*b. What is the remainder when 260 is divided by b?
129
Let f = 36 + 29. Let w = 1045 - 1023. What is the remainder when f is divided by w?
21
Suppose -6975 - 4729 = -28*d. Calculate the remainder when d is divided by 70.
68
Let q be -2 - (4 + -7 - 0). Let m be (-4)/(-4) + 0 + q. Suppose -2*u + 57 = -3*f, -6*f = -m*f - 4. What is the remainder when u is divided by 16?
14
Let y(z) = -2*z**3 - 47*z**2 + 20*z - 96. Let m be y(-24). Suppose 0 = 4*n + 2*s - 4*s - 84, m = -2*n + 2*s + 42. What is the remainder when 52 is divided by n?
10
Let s(m) = m**3 - 10*m**2 + 6*m + 30. Let a be s(9). Suppose 0 = -3*v + a*k + 21, -8*k + 3*k = -20. What is the remainder when 240 is divided by v?
9
Let l(g) be the third derivative of -g**4/4 + 77*g**3/3 - 101*g**2 + 2*g. What is the remainder when 259 is divided by l(22)?
17
Suppose -4*n + 3320 = -3940. Calculate the remainder when 3638 is divided by n.
8
Suppose 285*b = 298*b - 4511. Calculate the remainder when b is divided by 6*25/3*2/2.
47
Suppose 14*n - 9552 - 6840 = -10*n. What is the remainder when n is divided by 98?
95
Let x = -5443 - -7483. Calculate the remainder when x is divided by 157.
156
Let n(u) = 52*u**2 - 191*u + 16. Calculate the remainder when 302 is divided by n(4).
50
Suppose z + 3*o - 35 = 0, -1033 = -2*z + o - 956. What is the remainder when 142 is divided by z?
28
Let g(b) = -16*b**3 - 8*b**2 - 3*b**2 - 8*b**2 + 20*b**2 - b - 2. Calculate the remainder when 39 is divided by g(-1).
7
Let r = 560 - 209. Let a be 4 - (0 + 3 - 1). Calculate the remainder when a + -1 + r/3*1 is divided by 15.
13
Suppose -2059 + 165 - 1274 = -72*v. Let h = -32 + 49. Let t = h - -1. What is the remainder when v is divided by t?
8
Let w = 351 - 321. What is the remainder when w is divided by 13?
4
Let h = -219 + 222. Calculate the remainder when 111 is divided by (h - 4) + -8 + 47.
35
Let q(m) = -m**2 - 109*m + 2747. Calculate the remainder when 997 is divided by q(20).
162
Let t be 42/(-3)*(-6)/21. Let o be ((90/8)/(-5))/(1/t). What is the remainder when (6/o)/(4/(-192)) is divided by 11?
10
Let y = -47 - -53. Let p = 6 - y. Suppose -4*s = -4*q + 16, 0 = -3*q - s - p*s + 32. What is the remainder when 34 is divided by q?
7
Let z(f) = 4*f**2 + 4*f - 6*f**2 + 3*f**2. What is